{"id":124,"date":"2014-10-25T18:12:24","date_gmt":"2014-10-25T16:12:24","guid":{"rendered":"http:\/\/web200.s172.goserver.host\/?page_id=124"},"modified":"2023-06-14T17:52:49","modified_gmt":"2023-06-14T15:52:49","slug":"meeresumweltschutz","status":"publish","type":"page","link":"https:\/\/ilschner.info\/?page_id=124","title":{"rendered":"Meeresumweltschutz"},"content":{"rendered":"<p><span style=\"color: #000000;\">(unfertig: fehlende Links zu angek\u00fcndigten Texten folgen in K\u00fcrze!)<\/span><br \/>\n<span style=\"color: #000000;\">(\u00e4ltere Texte sind teilweise in angepasster Orthographie wiedergegeben!)<\/span><\/p>\n<p><span style=\"color: #000000;\"><strong><span style=\"font-size: large;\">Juli 2006: Debatte um EU-Gr\u00fcnbuch zur Meerespolitik beginnt<\/span><\/strong><\/span><\/p>\n<p><span style=\"color: #000000;\">Im Juni 2006 hat die EU-Kommission ihr Gr\u00fcnbuch &#8222;Die k\u00fcnftige Meerespolitik der EU: Eine europ\u00e4ische Vision f\u00fcr Ozeane und Meere&#8220; vorgelegt und f\u00fcr ein Jahr zur \u00f6ffentlichen Diskussion gestellt. Anfang Mai 2007 wird diese Debatte mit einer EU-weiten Konferenz in Bremen zu Ende gehen. Hier begann die Auseinandersetzung um das Gr\u00fcnbuch Anfang Juli 2006 mit einer Veranstaltung der Gr\u00fcnen.<\/span><\/p>\n<p><span style=\"color: #000000;\"><strong><span style=\"font-size: large;\">April 2006: Bundesregierung legt IKZM-Strategie vor<\/span><\/strong><\/span><\/p>\n<p><span style=\"color: #000000;\">Ende April 2006 pr\u00e4sentierten Vertreter des Bundesministeriums f\u00fcr Umwelt, Naturschutz und Reaktorsicherheit (BMU) in Bremen die Konzepte zur nationalen Strategie f\u00fcr Integriertes K\u00fcstenzonen-Management (IKZM). Lesen Sie hier meinen Zeitungsbericht.<\/span><\/p>\n<p><span style=\"color: #000000;\"><strong><span style=\"font-size: large;\">Juni 2003: Gemeinsame OSPAR-HELCOM-Konferenz in Bremen<\/span><\/strong><\/span><\/p>\n<p><span style=\"color: #000000;\">Im Juni 2003 tagten im Congress-Centrum Bremen erstmals die Konferenzen zweier internationaler Meeresschutz-Konventionen gemeinsam: Auf der h\u00f6chsten vertraglichen Ebene \u2013 der der Umweltminister \u2013 tagten die Vertragsstaaten der f\u00fcr den Nordostatlantik zust\u00e4ndigen &#8222;Oslo-Paris-Konvention&#8220; (OSPAR) und der f\u00fcr die Ostsee zust\u00e4ndigen &#8222;Helsinki-Kommission&#8220; (HELCOM). Meine Artikel dazu \u2013 Vorbericht vom Januar 2003, Features und Hintergr\u00fcnde von der Konferenz selbst sowie kommentierte Schlussbilanz \u2013 sind hier komplett zusammengestellt.<\/span><\/p>\n<p><span style=\"color: #000000;\"><strong><span style=\"font-size: large;\">Juli 2002: Energie-Experten kritisieren geplante Offshore-Windparks<\/span><\/strong><\/span><\/p>\n<p>Zwei norddeutsche Energie-Experten haben aktuellen Pl\u00e4nen, in Nord- und Ostsee gro\u00dfe Windkraftparks zu errichten, scharf widersprochen: Die bislang diskutierten Projekte seien sowohl unwirtschaftlich als auch energiepolitisch fragw\u00fcrdig. <a href=\"https:\/\/ilschner.info\/?page_id=509\" target=\"_blank\" rel=\"noopener\">\u2192 Weiterlesen<\/a><\/p>\n<p><span style=\"font-size: large; color: #000000;\"><strong>Mai\/Juni 1995: Vierte Internationale Nordseeschutz-Konferenz, Esbjerg<br \/>\n<\/strong><\/span><\/p>\n<p><span style=\"color: #000000;\">Anfang Juni 1995 tagte im d\u00e4nischen Esbjerg die vierte Internationale Nordseeschutz-Konferenz (INK). Wenige Tage zuvor hatte in Bremen zivilgesellschaftliche Gegenkonferenz unter dem Titel &#8222;Nordsee ist mehr als Meer!&#8220; stattgefunden. Beide Ereignisse zusammen waren Anlass f\u00fcr eine <a href=\"https:\/\/ilschner.info\/?page_id=430\" target=\"_blank\" rel=\"noopener noreferrer\">dreiteilige Hintergrund-Serie<\/a>.<\/span><\/p>\n<p><span style=\"color: #000000;\"><strong><span style=\"font-size: large;\">November 1994: Seerechts-\u00dcbereinkommen der UNO in Kraft<\/span><\/strong><\/span><\/p>\n<p><span style=\"color: #000000;\">Mitte November 1994 trat \u2013 nach langem Zaudern und Zerren \u2013 endlich das Seerechts-\u00dcbereinkommen der Vereinten Nationen, UNCLOS, in Kraft: Anlass f\u00fcr eine dreiteilige Hintergrund-Serie.<\/span><\/p>\n","protected":false},"excerpt":{"rendered":"<p>(unfertig: fehlende Links zu angek\u00fcndigten Texten folgen in K\u00fcrze!) (\u00e4ltere Texte sind teilweise in angepasster Orthographie wiedergegeben!) Juli 2006: Debatte um EU-Gr\u00fcnbuch zur Meerespolitik beginnt Im Juni 2006 hat die EU-Kommission ihr Gr\u00fcnbuch &#8222;Die k\u00fcnftige Meerespolitik der EU: Eine europ\u00e4ische &hellip; <a href=\"https:\/\/ilschner.info\/?page_id=124\">Weiterlesen <span class=\"meta-nav\">&rarr;<\/span><\/a><\/p>\n","protected":false},"author":1,"featured_media":0,"parent":0,"menu_order":0,"comment_status":"closed","ping_status":"closed","template":"","meta":{"footnotes":""},"class_list":["post-124","page","type-page","status-publish","hentry"],"_links":{"self":[{"href":"https:\/\/ilschner.info\/index.php?rest_route=\/wp\/v2\/pages\/124","targetHints":{"allow":["GET"]}}],"collection":[{"href":"https:\/\/ilschner.info\/index.php?rest_route=\/wp\/v2\/pages"}],"about":[{"href":"https:\/\/ilschner.info\/index.php?rest_route=\/wp\/v2\/types\/page"}],"author":[{"embeddable":true,"href":"https:\/\/ilschner.info\/index.php?rest_route=\/wp\/v2\/users\/1"}],"replies":[{"embeddable":true,"href":"https:\/\/ilschner.info\/index.php?rest_route=%2Fwp%2Fv2%2Fcomments&post=124"}],"version-history":[{"count":0,"href":"https:\/\/ilschner.info\/index.php?rest_route=\/wp\/v2\/pages\/124\/revisions"}],"wp:attachment":[{"href":"https:\/\/ilschner.info\/index.php?rest_route=%2Fwp%2Fv2%2Fmedia&parent=124"}],"curies":[{"name":"wp","href":"https:\/\/api.w.org\/{rel}","templated":true}]}}

<p><span style="color: #000000;">(unfertig: fehlende Links zu angekündigten Texten folgen in Kürze!)</span><br />
<span style="color: #000000;">(ältere Texte sind teilweise in angepasster Orthographie wiedergegeben!)</span></p>
<p><span style="color: #000000;"><strong><span style="font-size: large;">Juli 2006: Debatte um EU-Grünbuch zur Meerespolitik beginnt</span></strong></span></p>
<p><span style="color: #000000;">Im Juni 2006 hat die EU-Kommission ihr Grünbuch &#8222;Die künftige Meerespolitik der EU: Eine europäische Vision für Ozeane und Meere&#8220; vorgelegt und für ein Jahr zur öffentlichen Diskussion gestellt. Anfang Mai 2007 wird diese Debatte mit einer EU-weiten Konferenz in Bremen zu Ende gehen. Hier begann die Auseinandersetzung um das Grünbuch Anfang Juli 2006 mit einer Veranstaltung der Grünen.</span></p>
<p><span style="color: #000000;"><strong><span style="font-size: large;">April 2006: Bundesregierung legt IKZM-Strategie vor</span></strong></span></p>
<p><span style="color: #000000;">Ende April 2006 präsentierten Vertreter des Bundesministeriums für Umwelt, Naturschutz und Reaktorsicherheit (BMU) in Bremen die Konzepte zur nationalen Strategie für Integriertes Küstenzonen-Management (IKZM). Lesen Sie hier meinen Zeitungsbericht.</span></p>
<p><span style="color: #000000;"><strong><span style="font-size: large;">Juni 2003: Gemeinsame OSPAR-HELCOM-Konferenz in Bremen</span></strong></span></p>
<p><span style="color: #000000;">Im Juni 2003 tagten im Congress-Centrum Bremen erstmals die Konferenzen zweier internationaler Meeresschutz-Konventionen gemeinsam: Auf der höchsten vertraglichen Ebene – der der Umweltminister – tagten die Vertragsstaaten der für den Nordostatlantik zuständigen &#8222;Oslo-Paris-Konvention&#8220; (OSPAR) und der für die Ostsee zuständigen &#8222;Helsinki-Kommission&#8220; (HELCOM). Meine Artikel dazu – Vorbericht vom Januar 2003, Features und Hintergründe von der Konferenz selbst sowie kommentierte Schlussbilanz – sind hier komplett zusammengestellt.</span></p>
<p><span style="color: #000000;"><strong><span style="font-size: large;">Juli 2002: Energie-Experten kritisieren geplante Offshore-Windparks</span></strong></span></p>
<p>Zwei norddeutsche Energie-Experten haben aktuellen Plänen, in Nord- und Ostsee große Windkraftparks zu errichten, scharf widersprochen: Die bislang diskutierten Projekte seien sowohl unwirtschaftlich als auch energiepolitisch fragwürdig. <a href="https://ilschner.info/?page_id=509" target="_blank" rel="noopener">→ Weiterlesen</a></p>
<p><span style="font-size: large; color: #000000;"><strong>Mai/Juni 1995: Vierte Internationale Nordseeschutz-Konferenz, Esbjerg<br />
</strong></span></p>
<p><span style="color: #000000;">Anfang Juni 1995 tagte im dänischen Esbjerg die vierte Internationale Nordseeschutz-Konferenz (INK). Wenige Tage zuvor hatte in Bremen zivilgesellschaftliche Gegenkonferenz unter dem Titel &#8222;Nordsee ist mehr als Meer!&#8220; stattgefunden. Beide Ereignisse zusammen waren Anlass für eine <a href="https://ilschner.info/?page_id=430" target="_blank" rel="noopener noreferrer">dreiteilige Hintergrund-Serie</a>.</span></p>
<p><span style="color: #000000;"><strong><span style="font-size: large;">November 1994: Seerechts-Übereinkommen der UNO in Kraft</span></strong></span></p>
<p><span style="color: #000000;">Mitte November 1994 trat – nach langem Zaudern und Zerren – endlich das Seerechts-Übereinkommen der Vereinten Nationen, UNCLOS, in Kraft: Anlass für eine dreiteilige Hintergrund-Serie.</span></p>

<p>(unfertig: fehlende Links zu angekündigten Texten folgen in Kürze!) (ältere Texte sind teilweise in angepasster Orthographie wiedergegeben!) Juli 2006: Debatte um EU-Grünbuch zur Meerespolitik beginnt Im Juni 2006 hat die EU-Kommission ihr Grünbuch &#8222;Die künftige Meerespolitik der EU: Eine europäische &hellip; <a href="https://ilschner.info/?page_id=124">Weiterlesen <span class="meta-nav">&rarr;</span></a></p>
